{"id":408,"date":"2019-07-08T10:29:36","date_gmt":"2019-07-08T13:29:36","guid":{"rendered":"http:\/\/www.jordanacosmeticos.com.br\/loja2\/?post_type=product&#038;p=408"},"modified":"2023-09-01T13:23:51","modified_gmt":"2023-09-01T16:23:51","slug":"delineador-fino-fl-olhos-002-brown","status":"publish","type":"product","link":"https:\/\/www.jordanacosmeticos.com.br\/loja\/produto\/delineador-fino-fl-olhos-002-brown\/","title":{"rendered":"Delineador Fino FL &#8211; Olhos &#8211; 002 Brown"},"content":{"rendered":"<p><b>Delineador Fino FL &#8211; Olhos &#8211; 002 Brown<\/b><\/p>\n<p><b>F\u00f3rmula l\u00edquida que n\u00e3o escorre<\/b><\/p>\n<p><b>Seca rapidamente<\/b><\/p>\n<p><b>Delicada ponta aplicadora para tra\u00e7ados bem precisos<\/b><\/p>\n<p><b>Longa dura\u00e7\u00e3o<\/b><\/p>\n<p><b>N\u00e3o mancha e n\u00e3o borra <\/b><\/p>\n<p><b>Fabricado na Alemanha<\/b><\/p>\n<p><b>Peso: 15 g<\/b><\/p>\n","protected":false},"excerpt":{"rendered":"<p>Delineador Fino FL &#8211; Olhos &#8211; 002 Brown F\u00f3rmula l\u00edquida que n\u00e3o escorre Seca rapidamente Delicada ponta aplicadora para tra\u00e7ados bem precisos Longa dura\u00e7\u00e3o N\u00e3o mancha e n\u00e3o borra Fabricado na Alemanha Peso: 15 g<\/p>\n","protected":false},"featured_media":1800,"comment_status":"open","ping_status":"closed","template":"","meta":[],"product_cat":[62],"product_tag":[63,44],"yoast_head":"<!-- This site is optimized with the Yoast SEO plugin v20.13 - https:\/\/yoast.com\/wordpress\/plugins\/seo\/ -->\n<title>Delineador Fino FL - Olhos - 002 Brown - Jordana Cosm\u00e9ticos no Brasil<\/title>\n<meta name=\"description\" content=\"Delineador Fino FL da Jordana: Precis\u00e3o e eleg\u00e2ncia em cada tra\u00e7o! Ideal para detalhes sutis e looks refinados. Garanta um olhar cativante com a delicadeza!\" \/>\n<meta name=\"robots\" content=\"index, follow, max-snippet:-1, max-image-preview:large, max-video-preview:-1\" \/>\n<link rel=\"canonical\" href=\"https:\/\/www.jordanacosmeticos.com.br\/loja\/produto\/delineador-fino-fl-olhos-002-brown\/\" \/>\n<meta property=\"og:locale\" content=\"pt_BR\" \/>\n<meta property=\"og:type\" content=\"article\" \/>\n<meta property=\"og:title\" content=\"Delineador Fino FL - Olhos - 002 Brown - Jordana Cosm\u00e9ticos no Brasil\" \/>\n<meta property=\"og:description\" content=\"Delineador Fino FL da Jordana: Precis\u00e3o e eleg\u00e2ncia em cada tra\u00e7o! Ideal para detalhes sutis e looks refinados. Garanta um olhar cativante com a delicadeza!\" \/>\n<meta property=\"og:url\" content=\"https:\/\/www.jordanacosmeticos.com.br\/loja\/produto\/delineador-fino-fl-olhos-002-brown\/\" \/>\n<meta property=\"og:site_name\" content=\"Jordana Cosm\u00e9ticos no Brasil\" \/>\n<meta property=\"article:modified_time\" content=\"2023-09-01T16:23:51+00:00\" \/>\n<meta property=\"og:image\" content=\"https:\/\/www.jordanacosmeticos.com.br\/loja\/wp-content\/uploads\/2019\/08\/002-Brown.jpg\" \/>\n\t<meta property=\"og:image:width\" content=\"350\" \/>\n\t<meta property=\"og:image:height\" content=\"350\" \/>\n\t<meta property=\"og:image:type\" content=\"image\/jpeg\" \/>\n<meta name=\"twitter:card\" content=\"summary_large_image\" \/>\n<meta name=\"twitter:label1\" content=\"Est. tempo de leitura\" \/>\n\t<meta name=\"twitter:data1\" content=\"1 minuto\" \/>\n<script type=\"application\/ld+json\" class=\"yoast-schema-graph\">{\"@context\":\"https:\/\/schema.org\",\"@graph\":[{\"@type\":\"WebPage\",\"@id\":\"https:\/\/www.jordanacosmeticos.com.br\/loja\/produto\/delineador-fino-fl-olhos-002-brown\/\",\"url\":\"https:\/\/www.jordanacosmeticos.com.br\/loja\/produto\/delineador-fino-fl-olhos-002-brown\/\",\"name\":\"Delineador Fino FL - Olhos - 002 Brown - Jordana Cosm\u00e9ticos no Brasil\",\"isPartOf\":{\"@id\":\"https:\/\/www.jordanacosmeticos.com.br\/loja\/#website\"},\"datePublished\":\"2019-07-08T13:29:36+00:00\",\"dateModified\":\"2023-09-01T16:23:51+00:00\",\"description\":\"Delineador Fino FL da Jordana: Precis\u00e3o e eleg\u00e2ncia em cada tra\u00e7o! Ideal para detalhes sutis e looks refinados. Garanta um olhar cativante com a delicadeza!\",\"breadcrumb\":{\"@id\":\"https:\/\/www.jordanacosmeticos.com.br\/loja\/produto\/delineador-fino-fl-olhos-002-brown\/#breadcrumb\"},\"inLanguage\":\"pt-BR\",\"potentialAction\":[{\"@type\":\"ReadAction\",\"target\":[\"https:\/\/www.jordanacosmeticos.com.br\/loja\/produto\/delineador-fino-fl-olhos-002-brown\/\"]}]},{\"@type\":\"BreadcrumbList\",\"@id\":\"https:\/\/www.jordanacosmeticos.com.br\/loja\/produto\/delineador-fino-fl-olhos-002-brown\/#breadcrumb\",\"itemListElement\":[{\"@type\":\"ListItem\",\"position\":1,\"name\":\"In\u00edcio\",\"item\":\"https:\/\/www.jordanacosmeticos.com.br\/loja\/\"},{\"@type\":\"ListItem\",\"position\":2,\"name\":\"Loja\",\"item\":\"https:\/\/www.jordanacosmeticos.com.br\/loja\/loja\/\"},{\"@type\":\"ListItem\",\"position\":3,\"name\":\"Delineador Fino FL &#8211; Olhos &#8211; 002 Brown\"}]},{\"@type\":\"WebSite\",\"@id\":\"https:\/\/www.jordanacosmeticos.com.br\/loja\/#website\",\"url\":\"https:\/\/www.jordanacosmeticos.com.br\/loja\/\",\"name\":\"Jordana Cosm\u00e9ticos no Brasil\",\"description\":\"\",\"publisher\":{\"@id\":\"https:\/\/www.jordanacosmeticos.com.br\/loja\/#organization\"},\"potentialAction\":[{\"@type\":\"SearchAction\",\"target\":{\"@type\":\"EntryPoint\",\"urlTemplate\":\"https:\/\/www.jordanacosmeticos.com.br\/loja\/?s={search_term_string}\"},\"query-input\":\"required name=search_term_string\"}],\"inLanguage\":\"pt-BR\"},{\"@type\":\"Organization\",\"@id\":\"https:\/\/www.jordanacosmeticos.com.br\/loja\/#organization\",\"name\":\"Jordana Cosm\u00e9ticos no Brasil\",\"url\":\"https:\/\/www.jordanacosmeticos.com.br\/loja\/\",\"logo\":{\"@type\":\"ImageObject\",\"inLanguage\":\"pt-BR\",\"@id\":\"https:\/\/www.jordanacosmeticos.com.br\/loja\/#\/schema\/logo\/image\/\",\"url\":\"https:\/\/www.jordanacosmeticos.com.br\/loja\/wp-content\/uploads\/2019\/06\/logo-wpb.fw_.png\",\"contentUrl\":\"https:\/\/www.jordanacosmeticos.com.br\/loja\/wp-content\/uploads\/2019\/06\/logo-wpb.fw_.png\",\"width\":262,\"height\":243,\"caption\":\"Jordana Cosm\u00e9ticos no Brasil\"},\"image\":{\"@id\":\"https:\/\/www.jordanacosmeticos.com.br\/loja\/#\/schema\/logo\/image\/\"}}]}<\/script>\n<!-- \/ Yoast SEO plugin. -->","yoast_head_json":{"title":"Delineador Fino FL - Olhos - 002 Brown - Jordana Cosm\u00e9ticos no Brasil","description":"Delineador Fino FL da Jordana: Precis\u00e3o e eleg\u00e2ncia em cada tra\u00e7o! Ideal para detalhes sutis e looks refinados. Garanta um olhar cativante com a delicadeza!","robots":{"index":"index","follow":"follow","max-snippet":"max-snippet:-1","max-image-preview":"max-image-preview:large","max-video-preview":"max-video-preview:-1"},"canonical":"https:\/\/www.jordanacosmeticos.com.br\/loja\/produto\/delineador-fino-fl-olhos-002-brown\/","og_locale":"pt_BR","og_type":"article","og_title":"Delineador Fino FL - Olhos - 002 Brown - Jordana Cosm\u00e9ticos no Brasil","og_description":"Delineador Fino FL da Jordana: Precis\u00e3o e eleg\u00e2ncia em cada tra\u00e7o! Ideal para detalhes sutis e looks refinados. Garanta um olhar cativante com a delicadeza!","og_url":"https:\/\/www.jordanacosmeticos.com.br\/loja\/produto\/delineador-fino-fl-olhos-002-brown\/","og_site_name":"Jordana Cosm\u00e9ticos no Brasil","article_modified_time":"2023-09-01T16:23:51+00:00","og_image":[{"width":350,"height":350,"url":"https:\/\/www.jordanacosmeticos.com.br\/loja\/wp-content\/uploads\/2019\/08\/002-Brown.jpg","type":"image\/jpeg"}],"twitter_card":"summary_large_image","twitter_misc":{"Est. tempo de leitura":"1 minuto"},"schema":{"@context":"https:\/\/schema.org","@graph":[{"@type":"WebPage","@id":"https:\/\/www.jordanacosmeticos.com.br\/loja\/produto\/delineador-fino-fl-olhos-002-brown\/","url":"https:\/\/www.jordanacosmeticos.com.br\/loja\/produto\/delineador-fino-fl-olhos-002-brown\/","name":"Delineador Fino FL - Olhos - 002 Brown - Jordana Cosm\u00e9ticos no Brasil","isPartOf":{"@id":"https:\/\/www.jordanacosmeticos.com.br\/loja\/#website"},"datePublished":"2019-07-08T13:29:36+00:00","dateModified":"2023-09-01T16:23:51+00:00","description":"Delineador Fino FL da Jordana: Precis\u00e3o e eleg\u00e2ncia em cada tra\u00e7o! Ideal para detalhes sutis e looks refinados. Garanta um olhar cativante com a delicadeza!","breadcrumb":{"@id":"https:\/\/www.jordanacosmeticos.com.br\/loja\/produto\/delineador-fino-fl-olhos-002-brown\/#breadcrumb"},"inLanguage":"pt-BR","potentialAction":[{"@type":"ReadAction","target":["https:\/\/www.jordanacosmeticos.com.br\/loja\/produto\/delineador-fino-fl-olhos-002-brown\/"]}]},{"@type":"BreadcrumbList","@id":"https:\/\/www.jordanacosmeticos.com.br\/loja\/produto\/delineador-fino-fl-olhos-002-brown\/#breadcrumb","itemListElement":[{"@type":"ListItem","position":1,"name":"In\u00edcio","item":"https:\/\/www.jordanacosmeticos.com.br\/loja\/"},{"@type":"ListItem","position":2,"name":"Loja","item":"https:\/\/www.jordanacosmeticos.com.br\/loja\/loja\/"},{"@type":"ListItem","position":3,"name":"Delineador Fino FL &#8211; Olhos &#8211; 002 Brown"}]},{"@type":"WebSite","@id":"https:\/\/www.jordanacosmeticos.com.br\/loja\/#website","url":"https:\/\/www.jordanacosmeticos.com.br\/loja\/","name":"Jordana Cosm\u00e9ticos no Brasil","description":"","publisher":{"@id":"https:\/\/www.jordanacosmeticos.com.br\/loja\/#organization"},"potentialAction":[{"@type":"SearchAction","target":{"@type":"EntryPoint","urlTemplate":"https:\/\/www.jordanacosmeticos.com.br\/loja\/?s={search_term_string}"},"query-input":"required name=search_term_string"}],"inLanguage":"pt-BR"},{"@type":"Organization","@id":"https:\/\/www.jordanacosmeticos.com.br\/loja\/#organization","name":"Jordana Cosm\u00e9ticos no Brasil","url":"https:\/\/www.jordanacosmeticos.com.br\/loja\/","logo":{"@type":"ImageObject","inLanguage":"pt-BR","@id":"https:\/\/www.jordanacosmeticos.com.br\/loja\/#\/schema\/logo\/image\/","url":"https:\/\/www.jordanacosmeticos.com.br\/loja\/wp-content\/uploads\/2019\/06\/logo-wpb.fw_.png","contentUrl":"https:\/\/www.jordanacosmeticos.com.br\/loja\/wp-content\/uploads\/2019\/06\/logo-wpb.fw_.png","width":262,"height":243,"caption":"Jordana Cosm\u00e9ticos no Brasil"},"image":{"@id":"https:\/\/www.jordanacosmeticos.com.br\/loja\/#\/schema\/logo\/image\/"}}]}},"_links":{"self":[{"href":"https:\/\/www.jordanacosmeticos.com.br\/loja\/wp-json\/wp\/v2\/product\/408"}],"collection":[{"href":"https:\/\/www.jordanacosmeticos.com.br\/loja\/wp-json\/wp\/v2\/product"}],"about":[{"href":"https:\/\/www.jordanacosmeticos.com.br\/loja\/wp-json\/wp\/v2\/types\/product"}],"replies":[{"embeddable":true,"href":"https:\/\/www.jordanacosmeticos.com.br\/loja\/wp-json\/wp\/v2\/comments?post=408"}],"wp:featuredmedia":[{"embeddable":true,"href":"https:\/\/www.jordanacosmeticos.com.br\/loja\/wp-json\/wp\/v2\/media\/1800"}],"wp:attachment":[{"href":"https:\/\/www.jordanacosmeticos.com.br\/loja\/wp-json\/wp\/v2\/media?parent=408"}],"wp:term":[{"taxonomy":"product_cat","embeddable":true,"href":"https:\/\/www.jordanacosmeticos.com.br\/loja\/wp-json\/wp\/v2\/product_cat?post=408"},{"taxonomy":"product_tag","embeddable":true,"href":"https:\/\/www.jordanacosmeticos.com.br\/loja\/wp-json\/wp\/v2\/product_tag?post=408"}],"curies":[{"name":"wp","href":"https:\/\/api.w.org\/{rel}","templated":true}]}}